 the prime factors of d.
2, 3
Suppose -2*s + 28 = 2*f, -5*s - 69 = -4*f + 14. List the prime factors of f.
17
Let k(c) = -c**3 - 6*c**2 - 6*c - 1. Let d be k(-5). Suppose 2*w + 60 = 3*m, 3*w + 100 = m + d*m. List the prime factors of m.
2, 5
Let m = -40 + 128. What are the prime factors of m?
2, 11
Suppose -3*o + 10 = -o + 5*h, 3*o + 4*h - 8 = 0. List the prime factors of 6/(1 + 0 + o).
2, 3
Let l(g) = 2*g - 2 + 9 - 4. List the prime factors of l(3).
3
Let d be -1 - (18/3)/2. Let v be 24/d*4/(-6). Suppose -v*r = -9*r + 55. What are the prime factors of r?
11
Suppose m = -3*t + 14, 2*t = -3*m + t + 26. List the prime factors of m.
2
Let w(y) = y**3 + 11*y**2 - 3*y - 12. List the prime factors of w(-11).
3, 7
Let i = 0 - 3. Let s be (9 + i + -1)*3. List the prime factors of 6/s + (-53)/(-5).
11
Let b = -2 + 4. What are the prime factors of 4/5*15/b?
2, 3
Let o be 3 + (2 - (5 + 2)). Let d = o - -7. What are the prime factors of d?
5
Suppose 2*z + 5*a - 48 = 0, 36 = 4*z - 4*a - a. Suppose -3*n + 4*n = z. What are the prime factors of n?
2, 7
What are the prime factors of 209/3 + 1/3?
2, 5, 7
Let q be (1 - 0)/((-5)/15). Let r = 6 + q. Suppose 0 = -r*x + 4*o - 2 + 3, -2*x - 2 = -4*o. List the prime factors of x.
3
Let w(q) = 5*q - 3. Let z be (-2)/(-7) + (-24)/(-14). Suppose -2*d + 8 = z*f, 0 = 4*f - 2*d - 10. List the prime factors of w(f).
2, 3
Suppose 2*o = h - 12 - 62, 2*o - 4 = 0. List the prime factors of h.
2, 3, 13
Suppose 0 = -3*z + 5*z - 2. Suppose t + z = -3, -3*t = 2*d. List the prime factors of d.
2, 3
Let f = 8 - 5. Suppose f*j - 45 = -h, -5*h + 80 = 3*j + 23. List the prime factors of j.
2, 7
Suppose 0 = x + 4*z - 11, -2 = -z - 0*z. Suppose -2*u + 3*u = -x*s + 28, 4*u - 112 = 2*s. List the prime factors of u.
2, 7
Suppose 832 = 5*f + 192. Suppose 4*r - 3*o = f, 5*o = 9 + 11. List the prime factors of r.
5, 7
Let b = -28 - -9. Let w be 3/6 + (-118)/(-4). Let n = w + b. List the prime factors of n.
11
Let h be (0 - -6)*(-9)/6. Suppose 0 = 3*v - 5*d - 0*d - 25, -v + 4*d + 20 = 0. Let w = v - h. What are the prime factors of w?
3
Suppose m + 42 = 3*m. Suppose -z + m = 4*c, z + c + 6 = 2*z. List the prime factors of z.
3
Suppose 3*u = -5*v - 0*v + 16, -5*u = -5*v. Suppose v*c - 3 = 1. What are the prime factors of c?
2
Let b(j) = 2 + 1 + 2 - 2*j - 2. What are the prime factors of b(-3)?
3
Let b(j) = -3*j - 4. Let l(n) = 5*n - 2*n - 2*n - 4. Let t be l(0). What are the prime factors of b(t)?
2
Let d be (-18)/(-1)*(-40)/(-15). Let u = d - 27. What are the prime factors of u?
3, 7
Suppose 2*z + 28 = 6*z. List the prime factors of z.
7
Let k(s) = s**2 + s - 9. List the prime factors of k(12).
3, 7
Let k = -3 - -4. Let l(c) = -c**2 + 10*c**2 - 10*c**2 + 13*c**3. What are the prime factors of l(k)?
2, 3
Let u(h) = -h**2 + 8*h + 10. Let l be u(9). Let v = 2 + 1. What are the prime factors of (60/18)/(l/v)?
2, 5
Let g = -45 + 70. List the prime factors of g.
5
Let f be (-2)/5 - (-4)/10. Suppose 4*y = -f*y + 112. List the prime factors of y.
2, 7
Let x = 3 - 0. Suppose -q + 15 = -x*k, -4*q + 39 = -6*k + k. List the prime factors of (-2 - 1)/(q/(-20)).
2, 5
Suppose 3*x - 11 = 1. Suppose 0*h + 2*d + 96 = 4*h, -5*h - 4*d = -94. Suppose 0 = -x*r + 6 + h. What are the prime factors of r?
7
Suppose 28 = -3*u + 2*u. Let n = 62 + u. List the prime factors of n.
2, 17
Suppose 0 = -d + 4*d. Let p(i) = -2*i + 11. List the prime factors of p(d).
11
Let j(z) = -5*z**3 + z - 12*z**2 + 10*z**2 + 0*z. Let y be j(1). Let u = 15 + y. List the prime factors of u.
3
Let z(b) = -2*b. Let h be z(-1). List the prime factors of h - (3 + 12)/(-3).
7
Let a = -1 + 5. Suppose a*x = c - 1, -3*c = -5*x + 8 + 3. Let h(p) = p**3 + 8*p**2 + 4*p - 9. What are the prime factors of h(c)?
2, 3
Let w be 30/7 + 4/(-14). Suppose -5*h = 4*u - 121, -2*u + 2 = w. List the prime factors of h.
5
Let n = 31 - 29. What are the prime factors of n?
2
Let i(v) = 3*v**3 + v**2 + v. Let c be i(-1). Let w(g) = 6*g - 3*g + 0*g**3 + 3 - 2*g**2 - g**3. What are the prime factors of w(c)?
3
Let m(p) be the second derivative of 4*p**4/3 - 2*p. What are the prime factors of m(1)?
2
Let p(q) = -12*q + 4. Let i be p(3). List the prime factors of (-152)/i - (-1)/4.
5
Suppose 2*y = -3*x + 3, -4*x - 10 = y - 3*y. Suppose 4*r - 9 = y. List the prime factors of r.
3
Let t(q) = 3*q**2 - 7*q. Let v(o) = -7*o**2 + 15*o + 1. Let n(c) = -5*t(c) - 2*v(c). Let x be n(4). Suppose -30 = -3*k - x*k. List the prime factors of k.
2, 3
Suppose -3*l + 4 = -l. Suppose -v + l = -0*v. List the prime factors of v.
2
Suppose l + 6*u = u, -3*l = 3*u + 24. What are the prime factors of 3/((-5)/(l/3))?
2
Let a = 1 + -4. Let d = 6 + a. List the prime factors of d.
3
Let h be (-24)/(-4)*-1*-1. Let f = h - -8. What are the prime factors of f?
2, 7
Let z(h) = -h**2 + 3*h + 2. Let f be z(-2). Let t(u) = -4 - u + 2 + 9. List the prime factors of t(f).
3, 5
List the prime factors of (4/(-4))/(4/(-556)).
139
Suppose -6 = 5*o - 21. Suppose 2*u + 41 = o*c, 2*c - 4*u + 0*u = 38. List the prime factors of c.
11
Let x(t) = -2*t - 3 - 6 - 6. List the prime factors of x(-10).
5
Let m = 21 + 12. What are the prime factors of m?
3, 11
Suppose 0*j + j = 21. List the prime factors of j.
3, 7
Let i be 1 + -1 + (-6)/(-3). Let a(v) = -2*v**2 + 11*v - 5 - 3*v + v**i. What are the prime factors of a(5)?
2, 5
Let g be 3/(-3) - 8*-3. Suppose 3*t - g = 2*t. What are the prime factors of t?
23
Let n = -6 + 5. Let q(t) = -3*t**3 - 1. Let z be q(n). Suppose z = -2*j + 6. What are the prime factors of j?
2
Let l(n) = -4 + 5*n + 2 + n. Let t be l(3). Suppose -2*p + 6 = -t. List the prime factors of p.
11
Let a = 3 + -11. Let c = 6 - a. Let s = c + -9. List the prime factors of s.
5
Let i(s) = s**2 - 5*s - 10. Let f be i(6). Let a = 7 + f. List the prime factors of a.
3
Let y = 5 - 8. Let x(d) = -d + 2. Let u be x(y). Let g = 2 + u. What are the prime factors of g?
7
Let n be (180/(-8))/(-3)*2. Suppose 3*l - 43 = -4*c, -2*l - n = -5*l. What are the prime factors of c?
7
Let u(q) = 2*q - 8. Let x be u(4). Suppose -5*h + 52 + 63 = x. What are the prime factors of h?
23
Suppose 0 = -n - 0 + 3. Let m be (-43)/(-9) - (-20)/90. Suppose 0 = b - m*r - 5, 12 = n*b - 3*r - 3. What are the prime factors of b?
5
Let d(w) = 2*w + 2*w + 0 - 2*w + 6. What are the prime factors of d(11)?
2, 7
Let m be 4/(-8) - 90/4. Let g be m/(-7) + (-4)/14. Suppose g*l - l = 2*r + 20, 50 = 4*l - 2*r. What are the prime factors of l?
3, 5
Let c(x) = 4*x - 1. Let w be c(1). Let i(a) = -3*a**w + 3*a + 5*a - 7*a**2 + 9 + 2*a**3. What are the prime factors of i(-8)?
3
Let q(g) = 2 + 4 - 2*g + 5. What are the prime factors of q(-8)?
3
Suppose -78 = o - 4*o. List the prime factors of o.
2, 13
Let t be (1 - -5)*(-10)/3. Let g = t - -28. What are the prime factors of g?
2
Suppose -3*c + 6*c - 5*r - 16 = 0, 0 = -4*c + 2*r + 12. Suppose c*t + 3 = -y, -2*t - 5*y = -4*t - 33. List the prime factors of t/(-14) + (-47)/(-7).
7
Let y(h) = h**3 + 11*h**2 + 3*h - 7. What are the prime factors of y(-9)?
2
Let c(t) = 9*t + 1. Suppose 0 = 5*z + 3 - 8. Let l = z - 0. What are the prime factors of c(l)?
2, 5
Let y(x) = x**2 + 2*x - 4. Let b be y(-4). Suppose -b*u = 6*t - t - 61, 3*u - t = 41. What are the prime factors of u?
2, 7
Let b(l) = 16*l**2 - 4*l + 15. List the prime factors of b(3).
3, 7
Let k = -39 - -80. List the prime factors of k.
41
Suppose 8*i - 149 = -4*r + 3*i, 0 = i + 3. List the prime factors of r.
41
Let g = 12 - 2. What are the prime factors of g?
2, 5
What are the prime factors of (-81)/(-6) - (-3)/(-6)?
13
Let u(p) = -p**3 - 7*p**2 - 8*p - 5. Let g be u(-6). Let n = 4 + g. What are the prime factors of n?
11
Let b be 2/12 + 89/6. Let h = b - -1. What are the prime factors of h?
2
Suppose 0 = -2*f + 4. Suppose -19 = -4*z + 1. Suppose f*h = -2*c + 5*c - 13, z*h = 20. List the prime factors of c.
7
Suppose 0 = -3*m - 0*m + 15. Suppose -m*p = 5*h - 295, -6*h = -h - 25. Suppose 6*b + 4*u = 4*b + p, -b = -u - 12. What are the prime factors of b?
17
Let f be (27/6)/(2/4). Let g = f + -5. List the prime factors of g.
2
Let q(v) = 2*v**2 - 5*v - 15. List the prime factors of q(-6).
3, 29
Let m(v) = -3*v - 13. Let a(g) = 4*g + 19. Let h(d) = 5*a(d) + 7*m(d). Let y = -2 + -2. What are the prime factors 